2212
In base 15, what is -7 - 33c08c?
-33c094
In base 10, what is -2172 + -299533?
-301705
In base 5, what is -3043203142 - -10?
-3043203132
In base 8, what is 1125 - -44522?
45647
In base 2, what is -10110 + -1001110000001001111011111?
-1001110000001001111110101
In base 4, what is -233131 + 2012121?
1112330
In base 3, what is -12 - -10220102102112100?
10220102102112011
In base 10, what is 981211 + -162?
981049
In base 8, what is 735 + -4546226?
-4545271
In base 9, what is 5 - 3182516?
-3182511
In base 13, what is 6211 - -670?
6881
In base 7, what is -246130343 + -1?
-246130344
In base 5, what is 2 - 214231321?
-214231314
In base 12, what is -14 - 3aa890?
-3aa8a4
In base 8, what is 2 + 1413656?
1413660
In base 2, what is -1001111100 - 1011100010000111?
-1011101100000011
In base 10, what is 0 + 1831109?
1831109
In base 11, what is -87549 - 60?
-875a9
In base 6, what is -52042 - 251042?
-343124
In base 5, what is -4323234433 - 0?
-4323234433
In base 6, what is -43 + -1120425310?
-1120425353
In base 5, what is 3 - 124213033430?
-124213033422
In base 9, what is -2 + 2374355?
2374353
In base 12, what is 174952 + -24?
17492a
In base 2, what is 100000011001101011 + 110001?
100000011010011100
In base 5, what is 430 - -12202401?
12203331
In base 6, what is 444 - 1522203?
-1521315
In base 9, what is -487380 - 5?
-487385
In base 12, what is 221798 - 7?
221791
In base 15, what is -30a78 - 79?
-30b02
In base 13, what is -8226 + -5c5?
-881b
In base 14, what is 6597d235 + 5?
6597d23a
In base 14, what is 11bdc514 - 2?
11bdc512
In base 7, what is -14413224 + 110?
-14413114
In base 4, what is -110300 - 203130203?
-203301103
In base 13, what is -4b81b65 - 0?
-4b81b65
In base 14, what is -55d59 - -172?
-55bc7
In base 2, what is 110010100011100110 + 0?
110010100011100110
In base 6, what is -5234 - -2?
-5232
In base 10, what is -2095730 - 28?
-2095758
In base 7, what is 140413 + 3342?
144055
In base 2, what is 100011 + -1000101101001000100?
-1000101101000100001
In base 3, what is 20100221 + 20101121101?
20121222022
In base 15, what is -6e6 - -12?
-6d4
In base 6, what is -344 + -35320?
-40104
In base 12, what is 891 + 158597?
159268
In base 13, what is -a0 + -117137?
-117207
In base 5, what is -2 - -1020312440?
1020312433
In base 6, what is 33125 + -4214?
24511
In base 7, what is 144035110 + 2?
144035112
In base 4, what is -30 + -202200033120?
-202200033210
In base 7, what is -2626 - 15542552?
-15545511
In base 16, what is -75af90 + 4?
-75af8c
In base 9, what is -202 - 73816?
-74118
In base 11, what is 234a71 - 70?
234a01
In base 12, what is -b5608 - a7?
-b56b3
In base 4, what is -21 - 1303000300?
-1303000321
In base 8, what is -5 - -11425402?
11425375
In base 6, what is -5 - 220553030?
-220553035
In base 4, what is 12120122 - 10101?
12110021
In base 15, what is 0 + -21e240ae?
-21e240ae
In base 14, what is 18dd0a9 - -1?
18dd0aa
In base 9, what is 18487464 + 8?
18487473
In base 5, what is -12401 - -1202120?
1134214
In base 16, what is -e860f2 - 4?
-e860f6
In base 13, what is -38 - 1926caa?
-1927015
In base 10, what is -2925738 - 0?
-2925738
In base 13, what is -1930 + 2022?
3c2
In base 11, what is -34a - -222720?
222381
In base 6, what is 15113040441 + -5?
15113040432
In base 12, what is -104a37 - -121?
-104916
In base 6, what is 2005352032 + -3?
2005352025
In base 7, what is -20455 - -102544?
52056
In base 15, what is 8 + 19e2?
19ea
In base 6, what is 320044044 - -5?
320044053
In base 6, what is -1520512 - -420?
-1520052
In base 14, what is -10b2 + 12639?
11567
In base 2, what is -1111 - 100111110101111010111101111?
-100111110101111010111111110
In base 13, what is -18319 + 1ac1?
-16528
In base 15, what is 178cc2 - -1a?
178cdc
In base 2, what is 100000 + 101010110110110110?
101010110111010110
In base 7, what is -3613344206 - -3?
-3613344203
In base 3, what is -22211 + -1201222211120?
-1202000011101
In base 6, what is -2 - 13453454?
-13453500
In base 4, what is 121002123012 + -1023?
121002121323
In base 5, what is 1 + 234331333012?
234331333013
In base 5, what is -44003 + -1042044?
-1141102
In base 4, what is 13112301223 + 11?
13112301300
In base 9, what is -588224 + 206?
-588017
In base 12, what is 34883 - 37?
34848
In base 11, what is 3 + -70032817?
-70032814
In base 16, what is -10f9084 + -2?
-10f9086
In base 15, what is 12097 + 18d?
12235
In base 16, what is f3cd - -6b?
f438
In base 4, what is 13223032 - 211011?
13012021
In base 2, what is -101 - -100011010110101100001?
100011010110101011100
In base 16, what is -64 - -40310?
402ac
In base 12, what is 2 - -389135?
389137
In base 7, what is -10 - -15140353?
15140343
In base 9, what is 3720 + -73234?
-68414
In base 12, what is 1228889 - -b?
1228898
In base 9, what is 1104 + 4344?
5448
In base 7, what is -1510 - -122312?
120502
In base 2, what is 1001 - -1000110001001010110?
1000110001001011111
In base 16, what is 1 + 3e8cfaa?
3e8cfab
In base 13, what is 7678a99 + -1?
7678a98
In base 15, what is 4342 - -624?
4966
In base 8, what is -22202 - 260?
-22462
In base 14, what is -334686 - -11?
-334675
In base 6, what is -14414 + 24005?
5151
In base 12, what is 14b71a0a + 0?
14b71a0a
In base 5, what is 324342232 - 4030?
324333202
In base 3, what is 10 + -10022101111110?
-10022101111100
In base 5, what is 1312 + 1023311?
1030123
In base 9, what is 172 + -8725?
-8543
In base 5, what is 121042130 - 12?
121042113
In base 5, what is 1441030000 - -3?
1441030003
In base 13, what is 5 + 14398966?
1439896b
In base 16, what is -66d6c + -bd?
-66e29
In base 3, what is 1012020100201 - 20120?
1012020010011
In base 2, what is 1101001 + -101111101111100?
-101111100010011
In base 6, what is 1 - 31543051303?
-31543051302
In base 6, what is 123224110 + 1?
123224111
In base 10, what is 10 - -4998143?
4998153
In base 9, what is -13582 - 182173?
-205765
In base 7, what is 10012 + -6313?
366
In base 12, what is -310571 - 3?
-310574
In base 7, what is 26 - -655636?
655665
In base 8, what is 14 + 1553433?
1553447
In base 14, what is 4b74c8 - -72?
4b755a
In base 15, what is c + -d67bc?
-d67b0
In base 15, what is 2323d5 - -2?
2323d7
In base 8, what is 10300561 + 0?
10300561
In base 4, what is -33133112 + 10202?
-33122310
In base 9, what is 1208 + 68327?
70536
In base 12, what is 49a533 + 10?
49a543
In base 16, what is f1d0d6 + -2e?
f1d0a8
In base 15, what is -1c5 - 4579d?
-45973
In base 3, what is -111100022 + 2121220?
-101201102
In base 4, what is 20122331222 - -201?
20122332023
In base 16, what is -23c + -2b7?
-4f3
In base 11, what is -6 + -4764232?
-4764238
In base 2, what is 110111000110111 + 100100100101110?
1011011101100101
In base 12, what is -6a88 - a493?
-1535b
In base 15, what is 10ee8b - -3?
10ee8e
In base 3, what is -110020201000100 - 0?
-110020201000100
In base 4, what is -30 + -23331121023?
-23331121113
In base 12, what is 17646197 + -3?
17646194
In base 16, what is -2 + 86c3dbc?
86c3dba
In base 3, what is 11 - -101101010200012?
101101010200100
In base 16, what is 1fbee8 + 21?
1fbf09
In base 12, what is -143 - -87b534?
87b3b1
In base 9, what is 17831 + 411?
18342
In base 9, what is 0 + -23627112?
-23627112
In base 2, what is 100 + -10101110101111110010?
-10101110101111101110
In base 12, what is 405b - 1aa?
3a71
In base 11, what is -484 - -221372?
220999
In base 6, what is 0 - -3054421343?
3054421343
In base 15, what is -cbc - 32e1?
-40ad
In base 5, what is 1111 + 21001231?
21002342
In base 13, what is 2a + 26a8c?
26ab9
In base 16, what is -11fb4 + -4ac?
-12460
In base 13, what is -286 - 3b655?
-3b90b
In base 14, what is -bb0c4b - 15?
-bb0c62
In base 3, what is 1120 - 10121010222210?
-10121010221020
In base 12, what is -3 + -1705858b?
-17058592
In base 11, what is 16 - -398a8a4?
398a90a
In base 3, what is 2 + -10212110022021?
-10212110022012
In base 8, what is -4 - 31775653?
-31775657
In base 15, what is -3139c0 - -3c?
-313983
In base 8, what is -4 - 21660465?
-21660471
In base 16, what is -1171 - -1f?
-1152
In base 5, what is -2 - -1121212444?
1121212442
In base 13, what is 9193b1 - -3?
9193b4
In base 2, what is 1011011011010110111101001 - 11?
1011011011010110111100110
In base 10, what is 35597 - 1092?
34505
In base 3, what is 102111111221 - 222001?
102110112220
In base 11, what is -525853 + -10?
-525863
In base 4, what is 2 - -11023